{"id":32,"date":"2021-08-28T09:44:01","date_gmt":"2021-08-28T09:44:01","guid":{"rendered":"http:\/\/192.168.0.108\/godbrother_wordpress\/?page_id=32"},"modified":"2021-08-30T19:05:43","modified_gmt":"2021-08-30T19:05:43","slug":"digitalis-tachograf-tipusok","status":"publish","type":"page","link":"https:\/\/godbrother.hu\/index.php\/tachograf-szerviz\/digitalis-tachograf-tipusok\/","title":{"rendered":"DIGIT\u00c1LIS TACHOGR\u00c1F T\u00cdPUSOK"},"content":{"rendered":"\n<figure class=\"wp-block-table\"><table><tbody><tr><td width=\"30%\"><strong>ACTIA \/ SMARTACH<\/strong><br>&nbsp;<br><a rel=\"noreferrer noopener\" href=\"https:\/\/godbrother.hu\/media\/2021\/08\/Digitalis-tachograf-tipusok\/Actia_hasznalati_magyar.pdf\" target=\"_blank\"><strong>Kezel\u00e9si \u00fatmutat\u00f3<\/strong><\/a><br><a rel=\"noreferrer noopener\" href=\"http:\/\/tachograph.actia.com\/en\/\" target=\"_blank\"><strong>Actia<\/strong><\/a><\/td><td>\n\n<img decoding=\"async\" src=\"http:\/\/godbrother.hu\/media\/2021\/08\/actia-smartach.jpg\">\n\n<\/td><\/tr><tr><td><strong>CONTINENTAL \/ 1381<\/strong><br>&nbsp;<br><a rel=\"noreferrer noopener\" href=\"https:\/\/godbrother.hu\/media\/2021\/08\/Digitalis-tachograf-tipusok\/Continental-1381.pdf\" target=\"_blank\"><strong>Kezel\u00e9si \u00fatmutat\u00f3<\/strong><\/a><br><a rel=\"noreferrer noopener\" href=\"http:\/\/www.conti-online.com\/generator\/www\/start\/com\/de\/index_de.html\" target=\"_blank\"><strong>Continental<\/strong><\/a><\/td><td>\n\n<img decoding=\"async\" src=\"http:\/\/godbrother.hu\/media\/2021\/08\/Continental-1381.jpg\">\n\n<\/td><\/tr><tr><td><strong>EFCON \/ EFAS<\/strong><br>&nbsp;<br><a rel=\"noreferrer noopener\" href=\"https:\/\/godbrother.hu\/media\/2021\/08\/Digitalis-tachograf-tipusok\/efcon-efas.pdf\" target=\"_blank\"><strong>Kezel\u00e9si \u00fatmutat\u00f3<\/strong><\/a><br><a rel=\"noreferrer noopener\" href=\"http:\/\/www.tachograph.de\/\" target=\"_blank\"><strong>EFAS<\/strong><\/a><\/td><td>\n\n<img decoding=\"async\" src=\"http:\/\/godbrother.hu\/media\/2021\/08\/efcon-efas.jpg\">\n\n<\/td><\/tr><tr><td><strong>STONERIDGE \/ SE5000<\/strong><br>&nbsp;<br><a rel=\"noreferrer noopener\" href=\"https:\/\/godbrother.hu\/media\/2021\/08\/Digitalis-tachograf-tipusok\/stoneridge_se5000.pdf\" target=\"_blank\"><strong>Kezel\u00e9si \u00fatmutat\u00f3<\/strong><\/a><br><a rel=\"noreferrer noopener\" href=\"http:\/\/www.stoneridge.com\/\" target=\"_blank\"><strong>Stoneridge<\/strong><\/a><\/td><td>\n\n<img decoding=\"async\" src=\"http:\/\/godbrother.hu\/media\/2021\/08\/stoneridge_se5000.jpg\">\n\n<\/td><\/tr><\/tbody><\/table><\/figure>\n","protected":false},"excerpt":{"rendered":"<p>ACTIA \/ SMARTACH&nbsp;Kezel\u00e9si \u00fatmutat\u00f3Actia CONTINENTAL \/ 1381&nbsp;Kezel\u00e9si \u00fatmutat\u00f3Continental EFCON \/ EFAS&nbsp;Kezel\u00e9si \u00fatmutat\u00f3EFAS STONERIDGE \/ SE5000&nbsp;Kezel\u00e9si \u00fatmutat\u00f3Stoneridge<\/p>\n","protected":false},"author":3,"featured_media":0,"parent":2,"menu_order":0,"comment_status":"closed","ping_status":"closed","template":"","meta":{"footnotes":""},"class_list":["post-32","page","type-page","status-publish","hentry"],"yoast_head":"<!-- This site is optimized with the Yoast SEO plugin v17.3 - https:\/\/yoast.com\/wordpress\/plugins\/seo\/ -->\n<title>G\u00f6dbrother Kft, Teheraut\u00f3 szerviz, Tachogr\u00e1f szerel\u00e9s, Tachogr\u00e1f illeszt\u00e9s<\/title>\n<meta name=\"description\" content=\"teherauto szerviz, tachograf illesztes\" \/>\n<meta name=\"robots\" content=\"index, follow, max-snippet:-1, max-image-preview:large, max-video-preview:-1\" \/>\n<link rel=\"canonical\" href=\"http:\/\/godbrother.hu\/index.php\/tachograf-szerviz\/digitalis-tachograf-tipusok\/\" \/>\n<meta property=\"og:locale\" content=\"en_US\" \/>\n<meta property=\"og:type\" content=\"article\" \/>\n<meta property=\"og:title\" content=\"G\u00f6dbrother Kft, Teheraut\u00f3 szerviz, Tachogr\u00e1f szerel\u00e9s, Tachogr\u00e1f illeszt\u00e9s\" \/>\n<meta property=\"og:description\" content=\"teherauto szerviz, tachograf illesztes\" \/>\n<meta property=\"og:url\" content=\"http:\/\/godbrother.hu\/index.php\/tachograf-szerviz\/digitalis-tachograf-tipusok\/\" \/>\n<meta property=\"article:modified_time\" content=\"2021-08-30T19:05:43+00:00\" \/>\n<meta property=\"og:image\" content=\"http:\/\/godbrother.hu\/media\/2021\/08\/actia-smartach.jpg\" \/>\n<meta name=\"twitter:card\" content=\"summary_large_image\" \/>\n<script type=\"application\/ld+json\" class=\"yoast-schema-graph\">{\"@context\":\"https:\/\/schema.org\",\"@graph\":[{\"@type\":\"WebSite\",\"@id\":\"http:\/\/godbrother.hu\/#website\",\"url\":\"http:\/\/godbrother.hu\/\",\"name\":\"\",\"description\":\"\",\"potentialAction\":[{\"@type\":\"SearchAction\",\"target\":{\"@type\":\"EntryPoint\",\"urlTemplate\":\"http:\/\/godbrother.hu\/?s={search_term_string}\"},\"query-input\":\"required name=search_term_string\"}],\"inLanguage\":\"en-US\"},{\"@type\":\"ImageObject\",\"@id\":\"http:\/\/godbrother.hu\/index.php\/tachograf-szerviz\/digitalis-tachograf-tipusok\/#primaryimage\",\"inLanguage\":\"en-US\",\"url\":\"http:\/\/godbrother.hu\/media\/2021\/08\/actia-smartach.jpg\",\"contentUrl\":\"http:\/\/godbrother.hu\/media\/2021\/08\/actia-smartach.jpg\"},{\"@type\":\"WebPage\",\"@id\":\"http:\/\/godbrother.hu\/index.php\/tachograf-szerviz\/digitalis-tachograf-tipusok\/#webpage\",\"url\":\"http:\/\/godbrother.hu\/index.php\/tachograf-szerviz\/digitalis-tachograf-tipusok\/\",\"name\":\"G\\u00f6dbrother Kft, Teheraut\\u00f3 szerviz, Tachogr\\u00e1f szerel\\u00e9s, Tachogr\\u00e1f illeszt\\u00e9s\",\"isPartOf\":{\"@id\":\"http:\/\/godbrother.hu\/#website\"},\"primaryImageOfPage\":{\"@id\":\"http:\/\/godbrother.hu\/index.php\/tachograf-szerviz\/digitalis-tachograf-tipusok\/#primaryimage\"},\"datePublished\":\"2021-08-28T09:44:01+00:00\",\"dateModified\":\"2021-08-30T19:05:43+00:00\",\"description\":\"teherauto szerviz, tachograf illesztes\",\"breadcrumb\":{\"@id\":\"http:\/\/godbrother.hu\/index.php\/tachograf-szerviz\/digitalis-tachograf-tipusok\/#breadcrumb\"},\"inLanguage\":\"en-US\",\"potentialAction\":[{\"@type\":\"ReadAction\",\"target\":[\"http:\/\/godbrother.hu\/index.php\/tachograf-szerviz\/digitalis-tachograf-tipusok\/\"]}]},{\"@type\":\"BreadcrumbList\",\"@id\":\"http:\/\/godbrother.hu\/index.php\/tachograf-szerviz\/digitalis-tachograf-tipusok\/#breadcrumb\",\"itemListElement\":[{\"@type\":\"ListItem\",\"position\":1,\"name\":\"Home\",\"item\":\"http:\/\/godbrother.hu\/\"},{\"@type\":\"ListItem\",\"position\":2,\"name\":\"TACHOGR\\u00c1F SZERVIZ\",\"item\":\"http:\/\/godbrother.hu\/index.php\/tachograf-szerviz\/\"},{\"@type\":\"ListItem\",\"position\":3,\"name\":\"DIGIT\\u00c1LIS TACHOGR\\u00c1F T\\u00cdPUSOK\"}]}]}<\/script>\n<!-- \/ Yoast SEO plugin. -->","yoast_head_json":{"title":"G\u00f6dbrother Kft, Teheraut\u00f3 szerviz, Tachogr\u00e1f szerel\u00e9s, Tachogr\u00e1f illeszt\u00e9s","description":"teherauto szerviz, tachograf illesztes","robots":{"index":"index","follow":"follow","max-snippet":"max-snippet:-1","max-image-preview":"max-image-preview:large","max-video-preview":"max-video-preview:-1"},"canonical":"http:\/\/godbrother.hu\/index.php\/tachograf-szerviz\/digitalis-tachograf-tipusok\/","og_locale":"en_US","og_type":"article","og_title":"G\u00f6dbrother Kft, Teheraut\u00f3 szerviz, Tachogr\u00e1f szerel\u00e9s, Tachogr\u00e1f illeszt\u00e9s","og_description":"teherauto szerviz, tachograf illesztes","og_url":"http:\/\/godbrother.hu\/index.php\/tachograf-szerviz\/digitalis-tachograf-tipusok\/","article_modified_time":"2021-08-30T19:05:43+00:00","og_image":[{"url":"http:\/\/godbrother.hu\/media\/2021\/08\/actia-smartach.jpg"}],"twitter_card":"summary_large_image","schema":{"@context":"https:\/\/schema.org","@graph":[{"@type":"WebSite","@id":"http:\/\/godbrother.hu\/#website","url":"http:\/\/godbrother.hu\/","name":"","description":"","potentialAction":[{"@type":"SearchAction","target":{"@type":"EntryPoint","urlTemplate":"http:\/\/godbrother.hu\/?s={search_term_string}"},"query-input":"required name=search_term_string"}],"inLanguage":"en-US"},{"@type":"ImageObject","@id":"http:\/\/godbrother.hu\/index.php\/tachograf-szerviz\/digitalis-tachograf-tipusok\/#primaryimage","inLanguage":"en-US","url":"http:\/\/godbrother.hu\/media\/2021\/08\/actia-smartach.jpg","contentUrl":"http:\/\/godbrother.hu\/media\/2021\/08\/actia-smartach.jpg"},{"@type":"WebPage","@id":"http:\/\/godbrother.hu\/index.php\/tachograf-szerviz\/digitalis-tachograf-tipusok\/#webpage","url":"http:\/\/godbrother.hu\/index.php\/tachograf-szerviz\/digitalis-tachograf-tipusok\/","name":"G\u00f6dbrother Kft, Teheraut\u00f3 szerviz, Tachogr\u00e1f szerel\u00e9s, Tachogr\u00e1f illeszt\u00e9s","isPartOf":{"@id":"http:\/\/godbrother.hu\/#website"},"primaryImageOfPage":{"@id":"http:\/\/godbrother.hu\/index.php\/tachograf-szerviz\/digitalis-tachograf-tipusok\/#primaryimage"},"datePublished":"2021-08-28T09:44:01+00:00","dateModified":"2021-08-30T19:05:43+00:00","description":"teherauto szerviz, tachograf illesztes","breadcrumb":{"@id":"http:\/\/godbrother.hu\/index.php\/tachograf-szerviz\/digitalis-tachograf-tipusok\/#breadcrumb"},"inLanguage":"en-US","potentialAction":[{"@type":"ReadAction","target":["http:\/\/godbrother.hu\/index.php\/tachograf-szerviz\/digitalis-tachograf-tipusok\/"]}]},{"@type":"BreadcrumbList","@id":"http:\/\/godbrother.hu\/index.php\/tachograf-szerviz\/digitalis-tachograf-tipusok\/#breadcrumb","itemListElement":[{"@type":"ListItem","position":1,"name":"Home","item":"http:\/\/godbrother.hu\/"},{"@type":"ListItem","position":2,"name":"TACHOGR\u00c1F SZERVIZ","item":"http:\/\/godbrother.hu\/index.php\/tachograf-szerviz\/"},{"@type":"ListItem","position":3,"name":"DIGIT\u00c1LIS TACHOGR\u00c1F T\u00cdPUSOK"}]}]}},"_links":{"self":[{"href":"https:\/\/godbrother.hu\/index.php\/wp-json\/wp\/v2\/pages\/32","targetHints":{"allow":["GET"]}}],"collection":[{"href":"https:\/\/godbrother.hu\/index.php\/wp-json\/wp\/v2\/pages"}],"about":[{"href":"https:\/\/godbrother.hu\/index.php\/wp-json\/wp\/v2\/types\/page"}],"author":[{"embeddable":true,"href":"https:\/\/godbrother.hu\/index.php\/wp-json\/wp\/v2\/users\/3"}],"replies":[{"embeddable":true,"href":"https:\/\/godbrother.hu\/index.php\/wp-json\/wp\/v2\/comments?post=32"}],"version-history":[{"count":14,"href":"https:\/\/godbrother.hu\/index.php\/wp-json\/wp\/v2\/pages\/32\/revisions"}],"predecessor-version":[{"id":369,"href":"https:\/\/godbrother.hu\/index.php\/wp-json\/wp\/v2\/pages\/32\/revisions\/369"}],"up":[{"embeddable":true,"href":"https:\/\/godbrother.hu\/index.php\/wp-json\/wp\/v2\/pages\/2"}],"wp:attachment":[{"href":"https:\/\/godbrother.hu\/index.php\/wp-json\/wp\/v2\/media?parent=32"}],"curies":[{"name":"wp","href":"https:\/\/api.w.org\/{rel}","templated":true}]}}