{"id":34,"date":"2021-08-28T09:44:25","date_gmt":"2021-08-28T09:44:25","guid":{"rendered":"http:\/\/192.168.0.108\/godbrother_wordpress\/?page_id=34"},"modified":"2021-08-30T19:07:05","modified_gmt":"2021-08-30T19:07:05","slug":"analog-tachograf-tipusok","status":"publish","type":"page","link":"https:\/\/godbrother.hu\/index.php\/tachograf-szerviz\/analog-tachograf-tipusok\/","title":{"rendered":"ANAL\u00d3G TACHOGR\u00c1F T\u00cdPUSOK"},"content":{"rendered":"\n<figure class=\"wp-block-table\"><table><tbody><tr><td width=\"30%\"><strong>Siemens VDO\/Kienzle-1318<\/strong><\/td><td>\n\n<img decoding=\"async\" src=\"http:\/\/godbrother.hu\/media\/2021\/08\/Siemens_1318.jpg\" width=\"200px\">\n\n<\/td><\/tr><tr><td><strong>Siemens VDO\/Kienzle-1314<\/strong><\/td><td>\n\n<img decoding=\"async\" src=\"http:\/\/godbrother.hu\/media\/2021\/08\/siemens_1314.jpg\" width=\"200px\">\n\n<\/td><\/tr><tr><td><strong>Siemens VDO\/Kienzle-1319<\/strong><\/td><td>\n\n<img decoding=\"async\" src=\"http:\/\/godbrother.hu\/media\/2021\/08\/Siemens_1319.jpg\" width=\"200px\">\n\n<\/td><\/tr><tr><td><strong>Siemens VDO\/Kienzle-1324<\/strong><\/td><td>\n\n<img decoding=\"async\" src=\"http:\/\/godbrother.hu\/media\/2021\/08\/Siemens_1324.jpg\" width=\"200px\">\n\n<\/td><\/tr><tr><td><strong>Stoneridge Electronics\/Veeder Root 2400<\/strong><\/td><td>\n\n<img decoding=\"async\" src=\"http:\/\/godbrother.hu\/media\/2021\/08\/Veeder_Root_2400.jpg\" width=\"200px\">\n\n<\/td><\/tr><tr><td><strong>Stoneridge Electronics\/Veeder Root 8400<\/strong><\/td><td>\n\n<img decoding=\"async\" src=\"http:\/\/godbrother.hu\/media\/2021\/08\/Veeder_Root_8400.jpg\" width=\"200px\">\n\n<\/td><\/tr><tr><td><strong>Actia<\/strong><\/td><td>\n\n<img decoding=\"async\" src=\"http:\/\/godbrother.hu\/media\/2021\/08\/Actia.jpg\" width=\"200px\">\n\n<\/td><\/tr><\/tbody><\/table><\/figure>\n","protected":false},"excerpt":{"rendered":"<p>Siemens VDO\/Kienzle-1318 Siemens VDO\/Kienzle-1314 Siemens VDO\/Kienzle-1319 Siemens VDO\/Kienzle-1324 Stoneridge Electronics\/Veeder Root 2400 Stoneridge Electronics\/Veeder Root 8400 Actia<\/p>\n","protected":false},"author":3,"featured_media":0,"parent":2,"menu_order":0,"comment_status":"closed","ping_status":"closed","template":"","meta":{"footnotes":""},"class_list":["post-34","page","type-page","status-publish","hentry"],"yoast_head":"<!-- This site is optimized with the Yoast SEO plugin v17.3 - https:\/\/yoast.com\/wordpress\/plugins\/seo\/ -->\n<title>G\u00f6dbrother Kft, Teheraut\u00f3 szerviz, Tachogr\u00e1f szerel\u00e9s, Tachogr\u00e1f illeszt\u00e9s<\/title>\n<meta name=\"description\" content=\"teherauto szerviz, tachograf illesztes\" \/>\n<meta name=\"robots\" content=\"index, follow, max-snippet:-1, max-image-preview:large, max-video-preview:-1\" \/>\n<link rel=\"canonical\" href=\"http:\/\/godbrother.hu\/index.php\/tachograf-szerviz\/analog-tachograf-tipusok\/\" \/>\n<meta property=\"og:locale\" content=\"en_US\" \/>\n<meta property=\"og:type\" content=\"article\" \/>\n<meta property=\"og:title\" content=\"G\u00f6dbrother Kft, Teheraut\u00f3 szerviz, Tachogr\u00e1f szerel\u00e9s, Tachogr\u00e1f illeszt\u00e9s\" \/>\n<meta property=\"og:description\" content=\"teherauto szerviz, tachograf illesztes\" \/>\n<meta property=\"og:url\" content=\"http:\/\/godbrother.hu\/index.php\/tachograf-szerviz\/analog-tachograf-tipusok\/\" \/>\n<meta property=\"article:modified_time\" content=\"2021-08-30T19:07:05+00:00\" \/>\n<meta property=\"og:image\" content=\"http:\/\/godbrother.hu\/media\/2021\/08\/Siemens_1318.jpg\" \/>\n<meta name=\"twitter:card\" content=\"summary_large_image\" \/>\n<script type=\"application\/ld+json\" class=\"yoast-schema-graph\">{\"@context\":\"https:\/\/schema.org\",\"@graph\":[{\"@type\":\"WebSite\",\"@id\":\"http:\/\/godbrother.hu\/#website\",\"url\":\"http:\/\/godbrother.hu\/\",\"name\":\"\",\"description\":\"\",\"potentialAction\":[{\"@type\":\"SearchAction\",\"target\":{\"@type\":\"EntryPoint\",\"urlTemplate\":\"http:\/\/godbrother.hu\/?s={search_term_string}\"},\"query-input\":\"required name=search_term_string\"}],\"inLanguage\":\"en-US\"},{\"@type\":\"ImageObject\",\"@id\":\"http:\/\/godbrother.hu\/index.php\/tachograf-szerviz\/analog-tachograf-tipusok\/#primaryimage\",\"inLanguage\":\"en-US\",\"url\":\"http:\/\/godbrother.hu\/media\/2021\/08\/Siemens_1318.jpg\",\"contentUrl\":\"http:\/\/godbrother.hu\/media\/2021\/08\/Siemens_1318.jpg\"},{\"@type\":\"WebPage\",\"@id\":\"http:\/\/godbrother.hu\/index.php\/tachograf-szerviz\/analog-tachograf-tipusok\/#webpage\",\"url\":\"http:\/\/godbrother.hu\/index.php\/tachograf-szerviz\/analog-tachograf-tipusok\/\",\"name\":\"G\\u00f6dbrother Kft, Teheraut\\u00f3 szerviz, Tachogr\\u00e1f szerel\\u00e9s, Tachogr\\u00e1f illeszt\\u00e9s\",\"isPartOf\":{\"@id\":\"http:\/\/godbrother.hu\/#website\"},\"primaryImageOfPage\":{\"@id\":\"http:\/\/godbrother.hu\/index.php\/tachograf-szerviz\/analog-tachograf-tipusok\/#primaryimage\"},\"datePublished\":\"2021-08-28T09:44:25+00:00\",\"dateModified\":\"2021-08-30T19:07:05+00:00\",\"description\":\"teherauto szerviz, tachograf illesztes\",\"breadcrumb\":{\"@id\":\"http:\/\/godbrother.hu\/index.php\/tachograf-szerviz\/analog-tachograf-tipusok\/#breadcrumb\"},\"inLanguage\":\"en-US\",\"potentialAction\":[{\"@type\":\"ReadAction\",\"target\":[\"http:\/\/godbrother.hu\/index.php\/tachograf-szerviz\/analog-tachograf-tipusok\/\"]}]},{\"@type\":\"BreadcrumbList\",\"@id\":\"http:\/\/godbrother.hu\/index.php\/tachograf-szerviz\/analog-tachograf-tipusok\/#breadcrumb\",\"itemListElement\":[{\"@type\":\"ListItem\",\"position\":1,\"name\":\"Home\",\"item\":\"http:\/\/godbrother.hu\/\"},{\"@type\":\"ListItem\",\"position\":2,\"name\":\"TACHOGR\\u00c1F SZERVIZ\",\"item\":\"http:\/\/godbrother.hu\/index.php\/tachograf-szerviz\/\"},{\"@type\":\"ListItem\",\"position\":3,\"name\":\"ANAL\\u00d3G TACHOGR\\u00c1F T\\u00cdPUSOK\"}]}]}<\/script>\n<!-- \/ Yoast SEO plugin. -->","yoast_head_json":{"title":"G\u00f6dbrother Kft, Teheraut\u00f3 szerviz, Tachogr\u00e1f szerel\u00e9s, Tachogr\u00e1f illeszt\u00e9s","description":"teherauto szerviz, tachograf illesztes","robots":{"index":"index","follow":"follow","max-snippet":"max-snippet:-1","max-image-preview":"max-image-preview:large","max-video-preview":"max-video-preview:-1"},"canonical":"http:\/\/godbrother.hu\/index.php\/tachograf-szerviz\/analog-tachograf-tipusok\/","og_locale":"en_US","og_type":"article","og_title":"G\u00f6dbrother Kft, Teheraut\u00f3 szerviz, Tachogr\u00e1f szerel\u00e9s, Tachogr\u00e1f illeszt\u00e9s","og_description":"teherauto szerviz, tachograf illesztes","og_url":"http:\/\/godbrother.hu\/index.php\/tachograf-szerviz\/analog-tachograf-tipusok\/","article_modified_time":"2021-08-30T19:07:05+00:00","og_image":[{"url":"http:\/\/godbrother.hu\/media\/2021\/08\/Siemens_1318.jpg"}],"twitter_card":"summary_large_image","schema":{"@context":"https:\/\/schema.org","@graph":[{"@type":"WebSite","@id":"http:\/\/godbrother.hu\/#website","url":"http:\/\/godbrother.hu\/","name":"","description":"","potentialAction":[{"@type":"SearchAction","target":{"@type":"EntryPoint","urlTemplate":"http:\/\/godbrother.hu\/?s={search_term_string}"},"query-input":"required name=search_term_string"}],"inLanguage":"en-US"},{"@type":"ImageObject","@id":"http:\/\/godbrother.hu\/index.php\/tachograf-szerviz\/analog-tachograf-tipusok\/#primaryimage","inLanguage":"en-US","url":"http:\/\/godbrother.hu\/media\/2021\/08\/Siemens_1318.jpg","contentUrl":"http:\/\/godbrother.hu\/media\/2021\/08\/Siemens_1318.jpg"},{"@type":"WebPage","@id":"http:\/\/godbrother.hu\/index.php\/tachograf-szerviz\/analog-tachograf-tipusok\/#webpage","url":"http:\/\/godbrother.hu\/index.php\/tachograf-szerviz\/analog-tachograf-tipusok\/","name":"G\u00f6dbrother Kft, Teheraut\u00f3 szerviz, Tachogr\u00e1f szerel\u00e9s, Tachogr\u00e1f illeszt\u00e9s","isPartOf":{"@id":"http:\/\/godbrother.hu\/#website"},"primaryImageOfPage":{"@id":"http:\/\/godbrother.hu\/index.php\/tachograf-szerviz\/analog-tachograf-tipusok\/#primaryimage"},"datePublished":"2021-08-28T09:44:25+00:00","dateModified":"2021-08-30T19:07:05+00:00","description":"teherauto szerviz, tachograf illesztes","breadcrumb":{"@id":"http:\/\/godbrother.hu\/index.php\/tachograf-szerviz\/analog-tachograf-tipusok\/#breadcrumb"},"inLanguage":"en-US","potentialAction":[{"@type":"ReadAction","target":["http:\/\/godbrother.hu\/index.php\/tachograf-szerviz\/analog-tachograf-tipusok\/"]}]},{"@type":"BreadcrumbList","@id":"http:\/\/godbrother.hu\/index.php\/tachograf-szerviz\/analog-tachograf-tipusok\/#breadcrumb","itemListElement":[{"@type":"ListItem","position":1,"name":"Home","item":"http:\/\/godbrother.hu\/"},{"@type":"ListItem","position":2,"name":"TACHOGR\u00c1F SZERVIZ","item":"http:\/\/godbrother.hu\/index.php\/tachograf-szerviz\/"},{"@type":"ListItem","position":3,"name":"ANAL\u00d3G TACHOGR\u00c1F T\u00cdPUSOK"}]}]}},"_links":{"self":[{"href":"https:\/\/godbrother.hu\/index.php\/wp-json\/wp\/v2\/pages\/34","targetHints":{"allow":["GET"]}}],"collection":[{"href":"https:\/\/godbrother.hu\/index.php\/wp-json\/wp\/v2\/pages"}],"about":[{"href":"https:\/\/godbrother.hu\/index.php\/wp-json\/wp\/v2\/types\/page"}],"author":[{"embeddable":true,"href":"https:\/\/godbrother.hu\/index.php\/wp-json\/wp\/v2\/users\/3"}],"replies":[{"embeddable":true,"href":"https:\/\/godbrother.hu\/index.php\/wp-json\/wp\/v2\/comments?post=34"}],"version-history":[{"count":15,"href":"https:\/\/godbrother.hu\/index.php\/wp-json\/wp\/v2\/pages\/34\/revisions"}],"predecessor-version":[{"id":370,"href":"https:\/\/godbrother.hu\/index.php\/wp-json\/wp\/v2\/pages\/34\/revisions\/370"}],"up":[{"embeddable":true,"href":"https:\/\/godbrother.hu\/index.php\/wp-json\/wp\/v2\/pages\/2"}],"wp:attachment":[{"href":"https:\/\/godbrother.hu\/index.php\/wp-json\/wp\/v2\/media?parent=34"}],"curies":[{"name":"wp","href":"https:\/\/api.w.org\/{rel}","templated":true}]}}